{"id":7447,"date":"2026-04-21T18:29:36","date_gmt":"2026-04-21T16:29:36","guid":{"rendered":"https:\/\/ferlamripoll.com\/inmuebles\/pis-en-venda-a-ripoll-zona-ctra-de-ribes\/"},"modified":"2026-04-21T18:29:36","modified_gmt":"2026-04-21T16:29:36","slug":"pis-en-venda-a-ripoll-zona-ctra-de-ribes","status":"publish","type":"inmuebles","link":"https:\/\/ferlamripoll.com\/ca\/immobles\/pis-en-venda-a-ripoll-zona-ctra-de-ribes\/","title":{"rendered":"PIS EN VENDA A RIPOLL ZONA CTRA. DE RIBES"},"content":{"rendered":"<p class=\"isSelectedEnd\">\ud83c\udfe1 Descobreixi aquest acollidor i funcional pis situat a la tranquil\u00b7la zona de la Ctra. de Ribes de Freser, a Ripoll, una ubicaci\u00f3 ideal per a aquells que busquen comoditat i serenitat sense renunciar als serveis de l\u2019entorn. <\/p>\n<p class=\"isSelectedEnd\">\u2728 L\u2019habitatge, de dimensions contingudes per\u00f2 molt ben aprofitades, destaca per la seva distribuci\u00f3 vers\u00e0til i lluminosa. Disposa d\u2019una cuina office exterior amb finestra, equipada i amb funcionament a gas but\u00e0, perfecta per al dia a dia. <\/p>\n<p class=\"isSelectedEnd\">\ud83d\udecb\ufe0f L\u2019ampli menjador de 21 m\u00b2 ofereix m\u00faltiples possibilitats: es pot mantenir com un espai di\u00e0fan o b\u00e9 redistribuir-se per crear una tercera habitaci\u00f3 d\u2019aproximadament 9,6 m\u00b2, mantenint un sal\u00f3 funcional d\u201911,8 m\u00b2. Ambd\u00f3s espais compten amb sortida directa al balc\u00f3, aportant llum natural i ventilaci\u00f3. <\/p>\n<p class=\"isSelectedEnd\">\ud83d\udecf\ufe0f La zona de descans es completa amb dues habitacions: una doble i una individual, ambdues amb armaris encastats i sortida a un pati de llums, cosa que garanteix ventilaci\u00f3 i lluminositat.<\/p>\n<p class=\"isSelectedEnd\">\ud83d\udebf El bany \u00e9s pr\u00e0ctic i funcional, equipat amb tres peces, plat de dutxa i cortina.<\/p>\n<p class=\"isSelectedEnd\">\ud83d\udd25 Pel que fa a les qualitats, l\u2019habitatge disposa de tancaments exteriors de PVC, paviment de gres i un sistema de calefacci\u00f3 eficient mitjan\u00e7ant estufa de p\u00e8l\u00b7let, complementada amb radiadors el\u00e8ctrics.<\/p>\n<p class=\"isSelectedEnd\">\ud83e\ude91 Es ven moblat, llest per entrar-hi a viure o com a excel\u00b7lent oportunitat d\u2019inversi\u00f3.<\/p>\n<p>\ud83c\udf1f Una propietat amb gran potencial, ideal per a aquells que valoren la tranquil\u00b7litat, la funcionalitat i la possibilitat d\u2019adaptar els espais a les seves necessitats.<\/p>\n","protected":false},"author":3,"menu_order":0,"template":"","meta":[],"zonas":[52],"poblaciones":[62],"tipos-de-inmuebles":[63],"gestion":[51],"class_list":["post-7447","inmuebles","type-inmuebles","status-publish","hentry","zonas-centro-ca","poblaciones-ripoll-ca","tipos-de-inmuebles-pisos-ca","gestion-venda"],"yoast_head":"<!-- This site is optimized with the Yoast SEO plugin v27.4 - https:\/\/yoast.com\/product\/yoast-seo-wordpress\/ -->\n<title>PIS EN VENDA A RIPOLL ZONA CTRA. DE RIBES -<\/title>\n<meta name=\"robots\" content=\"index, follow, max-snippet:-1, max-image-preview:large, max-video-preview:-1\" \/>\n<link rel=\"canonical\" href=\"https:\/\/ferlamripoll.com\/ca\/immobles\/pis-en-venda-a-ripoll-zona-ctra-de-ribes\/\" \/>\n<meta property=\"og:locale\" content=\"ca_ES\" \/>\n<meta property=\"og:type\" content=\"article\" \/>\n<meta property=\"og:title\" content=\"PIS EN VENDA A RIPOLL ZONA CTRA. DE RIBES -\" \/>\n<meta property=\"og:description\" content=\"\ud83c\udfe1 Descobreixi aquest acollidor i funcional pis situat a la tranquil\u00b7la zona de la Ctra. de Ribes de Freser, a Ripoll, una ubicaci\u00f3 ideal per a aquells que busquen comoditat i serenitat sense renunciar als serveis de l\u2019entorn. \u2728 L\u2019habitatge, de dimensions contingudes per\u00f2 molt ben aprofitades, destaca per la seva distribuci\u00f3 vers\u00e0til i lluminosa. [&hellip;]\" \/>\n<meta property=\"og:url\" content=\"https:\/\/ferlamripoll.com\/ca\/immobles\/pis-en-venda-a-ripoll-zona-ctra-de-ribes\/\" \/>\n<meta property=\"og:site_name\" content=\"Ferlam - Servicios inmobiliarios\" \/>\n<meta property=\"article:publisher\" content=\"https:\/\/www.facebook.com\/people\/Ferlam\/100048870507316\/\" \/>\n<meta name=\"twitter:card\" content=\"summary_large_image\" \/>\n<meta name=\"twitter:label1\" content=\"Temps estimat de lectura\" \/>\n\t<meta name=\"twitter:data1\" content=\"1 minut\" \/>\n<script type=\"application\/ld+json\" class=\"yoast-schema-graph\">{\"@context\":\"https:\\\/\\\/schema.org\",\"@graph\":[{\"@type\":\"WebPage\",\"@id\":\"https:\\\/\\\/ferlamripoll.com\\\/ca\\\/immobles\\\/pis-en-venda-a-ripoll-zona-ctra-de-ribes\\\/\",\"url\":\"https:\\\/\\\/ferlamripoll.com\\\/ca\\\/immobles\\\/pis-en-venda-a-ripoll-zona-ctra-de-ribes\\\/\",\"name\":\"PIS EN VENDA A RIPOLL ZONA CTRA. DE RIBES -\",\"isPartOf\":{\"@id\":\"https:\\\/\\\/ferlamripoll.com\\\/ca\\\/#website\"},\"datePublished\":\"2026-04-21T16:29:36+00:00\",\"breadcrumb\":{\"@id\":\"https:\\\/\\\/ferlamripoll.com\\\/ca\\\/immobles\\\/pis-en-venda-a-ripoll-zona-ctra-de-ribes\\\/#breadcrumb\"},\"inLanguage\":\"ca\",\"potentialAction\":[{\"@type\":\"ReadAction\",\"target\":[\"https:\\\/\\\/ferlamripoll.com\\\/ca\\\/immobles\\\/pis-en-venda-a-ripoll-zona-ctra-de-ribes\\\/\"]}]},{\"@type\":\"BreadcrumbList\",\"@id\":\"https:\\\/\\\/ferlamripoll.com\\\/ca\\\/immobles\\\/pis-en-venda-a-ripoll-zona-ctra-de-ribes\\\/#breadcrumb\",\"itemListElement\":[{\"@type\":\"ListItem\",\"position\":1,\"name\":\"Portada\",\"item\":\"https:\\\/\\\/ferlamripoll.com\\\/ca\\\/inici\\\/\"},{\"@type\":\"ListItem\",\"position\":2,\"name\":\"Inmuebles\",\"item\":\"https:\\\/\\\/ferlamripoll.com\\\/ca\\\/immobles\\\/\"},{\"@type\":\"ListItem\",\"position\":3,\"name\":\"PIS EN VENDA A RIPOLL ZONA CTRA. DE RIBES\"}]},{\"@type\":\"WebSite\",\"@id\":\"https:\\\/\\\/ferlamripoll.com\\\/ca\\\/#website\",\"url\":\"https:\\\/\\\/ferlamripoll.com\\\/ca\\\/\",\"name\":\"Ferlam - Servicios inmobiliarios\",\"description\":\"\",\"publisher\":{\"@id\":\"https:\\\/\\\/ferlamripoll.com\\\/ca\\\/#organization\"},\"potentialAction\":[{\"@type\":\"SearchAction\",\"target\":{\"@type\":\"EntryPoint\",\"urlTemplate\":\"https:\\\/\\\/ferlamripoll.com\\\/ca\\\/?s={search_term_string}\"},\"query-input\":{\"@type\":\"PropertyValueSpecification\",\"valueRequired\":true,\"valueName\":\"search_term_string\"}}],\"inLanguage\":\"ca\"},{\"@type\":\"Organization\",\"@id\":\"https:\\\/\\\/ferlamripoll.com\\\/ca\\\/#organization\",\"name\":\"Ferlam - Servicios inmobiliarios\",\"url\":\"https:\\\/\\\/ferlamripoll.com\\\/ca\\\/\",\"logo\":{\"@type\":\"ImageObject\",\"inLanguage\":\"ca\",\"@id\":\"https:\\\/\\\/ferlamripoll.com\\\/ca\\\/#\\\/schema\\\/logo\\\/image\\\/\",\"url\":\"https:\\\/\\\/ferlamripoll.com\\\/wp-content\\\/uploads\\\/2024\\\/09\\\/logo-ferlam-1.webp\",\"contentUrl\":\"https:\\\/\\\/ferlamripoll.com\\\/wp-content\\\/uploads\\\/2024\\\/09\\\/logo-ferlam-1.webp\",\"width\":350,\"height\":96,\"caption\":\"Ferlam - Servicios inmobiliarios\"},\"image\":{\"@id\":\"https:\\\/\\\/ferlamripoll.com\\\/ca\\\/#\\\/schema\\\/logo\\\/image\\\/\"},\"sameAs\":[\"https:\\\/\\\/www.facebook.com\\\/people\\\/Ferlam\\\/100048870507316\\\/\",\"https:\\\/\\\/www.instagram.com\\\/ferlam.immobiliaria\\\/\"]}]}<\/script>\n<!-- \/ Yoast SEO plugin. -->","yoast_head_json":{"title":"PIS EN VENDA A RIPOLL ZONA CTRA. DE RIBES -","robots":{"index":"index","follow":"follow","max-snippet":"max-snippet:-1","max-image-preview":"max-image-preview:large","max-video-preview":"max-video-preview:-1"},"canonical":"https:\/\/ferlamripoll.com\/ca\/immobles\/pis-en-venda-a-ripoll-zona-ctra-de-ribes\/","og_locale":"ca_ES","og_type":"article","og_title":"PIS EN VENDA A RIPOLL ZONA CTRA. DE RIBES -","og_description":"\ud83c\udfe1 Descobreixi aquest acollidor i funcional pis situat a la tranquil\u00b7la zona de la Ctra. de Ribes de Freser, a Ripoll, una ubicaci\u00f3 ideal per a aquells que busquen comoditat i serenitat sense renunciar als serveis de l\u2019entorn. \u2728 L\u2019habitatge, de dimensions contingudes per\u00f2 molt ben aprofitades, destaca per la seva distribuci\u00f3 vers\u00e0til i lluminosa. [&hellip;]","og_url":"https:\/\/ferlamripoll.com\/ca\/immobles\/pis-en-venda-a-ripoll-zona-ctra-de-ribes\/","og_site_name":"Ferlam - Servicios inmobiliarios","article_publisher":"https:\/\/www.facebook.com\/people\/Ferlam\/100048870507316\/","twitter_card":"summary_large_image","twitter_misc":{"Temps estimat de lectura":"1 minut"},"schema":{"@context":"https:\/\/schema.org","@graph":[{"@type":"WebPage","@id":"https:\/\/ferlamripoll.com\/ca\/immobles\/pis-en-venda-a-ripoll-zona-ctra-de-ribes\/","url":"https:\/\/ferlamripoll.com\/ca\/immobles\/pis-en-venda-a-ripoll-zona-ctra-de-ribes\/","name":"PIS EN VENDA A RIPOLL ZONA CTRA. DE RIBES -","isPartOf":{"@id":"https:\/\/ferlamripoll.com\/ca\/#website"},"datePublished":"2026-04-21T16:29:36+00:00","breadcrumb":{"@id":"https:\/\/ferlamripoll.com\/ca\/immobles\/pis-en-venda-a-ripoll-zona-ctra-de-ribes\/#breadcrumb"},"inLanguage":"ca","potentialAction":[{"@type":"ReadAction","target":["https:\/\/ferlamripoll.com\/ca\/immobles\/pis-en-venda-a-ripoll-zona-ctra-de-ribes\/"]}]},{"@type":"BreadcrumbList","@id":"https:\/\/ferlamripoll.com\/ca\/immobles\/pis-en-venda-a-ripoll-zona-ctra-de-ribes\/#breadcrumb","itemListElement":[{"@type":"ListItem","position":1,"name":"Portada","item":"https:\/\/ferlamripoll.com\/ca\/inici\/"},{"@type":"ListItem","position":2,"name":"Inmuebles","item":"https:\/\/ferlamripoll.com\/ca\/immobles\/"},{"@type":"ListItem","position":3,"name":"PIS EN VENDA A RIPOLL ZONA CTRA. DE RIBES"}]},{"@type":"WebSite","@id":"https:\/\/ferlamripoll.com\/ca\/#website","url":"https:\/\/ferlamripoll.com\/ca\/","name":"Ferlam - Servicios inmobiliarios","description":"","publisher":{"@id":"https:\/\/ferlamripoll.com\/ca\/#organization"},"potentialAction":[{"@type":"SearchAction","target":{"@type":"EntryPoint","urlTemplate":"https:\/\/ferlamripoll.com\/ca\/?s={search_term_string}"},"query-input":{"@type":"PropertyValueSpecification","valueRequired":true,"valueName":"search_term_string"}}],"inLanguage":"ca"},{"@type":"Organization","@id":"https:\/\/ferlamripoll.com\/ca\/#organization","name":"Ferlam - Servicios inmobiliarios","url":"https:\/\/ferlamripoll.com\/ca\/","logo":{"@type":"ImageObject","inLanguage":"ca","@id":"https:\/\/ferlamripoll.com\/ca\/#\/schema\/logo\/image\/","url":"https:\/\/ferlamripoll.com\/wp-content\/uploads\/2024\/09\/logo-ferlam-1.webp","contentUrl":"https:\/\/ferlamripoll.com\/wp-content\/uploads\/2024\/09\/logo-ferlam-1.webp","width":350,"height":96,"caption":"Ferlam - Servicios inmobiliarios"},"image":{"@id":"https:\/\/ferlamripoll.com\/ca\/#\/schema\/logo\/image\/"},"sameAs":["https:\/\/www.facebook.com\/people\/Ferlam\/100048870507316\/","https:\/\/www.instagram.com\/ferlam.immobiliaria\/"]}]}},"_links":{"self":[{"href":"https:\/\/ferlamripoll.com\/ca\/wp-json\/wp\/v2\/inmuebles\/7447","targetHints":{"allow":["GET"]}}],"collection":[{"href":"https:\/\/ferlamripoll.com\/ca\/wp-json\/wp\/v2\/inmuebles"}],"about":[{"href":"https:\/\/ferlamripoll.com\/ca\/wp-json\/wp\/v2\/types\/inmuebles"}],"author":[{"embeddable":true,"href":"https:\/\/ferlamripoll.com\/ca\/wp-json\/wp\/v2\/users\/3"}],"wp:attachment":[{"href":"https:\/\/ferlamripoll.com\/ca\/wp-json\/wp\/v2\/media?parent=7447"}],"wp:term":[{"taxonomy":"zonas","embeddable":true,"href":"https:\/\/ferlamripoll.com\/ca\/wp-json\/wp\/v2\/zonas?post=7447"},{"taxonomy":"poblaciones","embeddable":true,"href":"https:\/\/ferlamripoll.com\/ca\/wp-json\/wp\/v2\/poblaciones?post=7447"},{"taxonomy":"tipos-de-inmuebles","embeddable":true,"href":"https:\/\/ferlamripoll.com\/ca\/wp-json\/wp\/v2\/tipos-de-inmuebles?post=7447"},{"taxonomy":"gestion","embeddable":true,"href":"https:\/\/ferlamripoll.com\/ca\/wp-json\/wp\/v2\/gestion?post=7447"}],"curies":[{"name":"wp","href":"https:\/\/api.w.org\/{rel}","templated":true}]}}

<p class="isSelectedEnd">🏡 Descobreixi aquest acollidor i funcional pis situat a la tranquil·la zona de la Ctra. de Ribes de Freser, a Ripoll, una ubicació ideal per a aquells que busquen comoditat i serenitat sense renunciar als serveis de l’entorn. </p>
<p class="isSelectedEnd">✨ L’habitatge, de dimensions contingudes però molt ben aprofitades, destaca per la seva distribució versàtil i lluminosa. Disposa d’una cuina office exterior amb finestra, equipada i amb funcionament a gas butà, perfecta per al dia a dia. </p>
<p class="isSelectedEnd">🛋️ L’ampli menjador de 21 m² ofereix múltiples possibilitats: es pot mantenir com un espai diàfan o bé redistribuir-se per crear una tercera habitació d’aproximadament 9,6 m², mantenint un saló funcional d’11,8 m². Ambdós espais compten amb sortida directa al balcó, aportant llum natural i ventilació. </p>
<p class="isSelectedEnd">🛏️ La zona de descans es completa amb dues habitacions: una doble i una individual, ambdues amb armaris encastats i sortida a un pati de llums, cosa que garanteix ventilació i lluminositat.</p>
<p class="isSelectedEnd">🚿 El bany és pràctic i funcional, equipat amb tres peces, plat de dutxa i cortina.</p>
<p class="isSelectedEnd">🔥 Pel que fa a les qualitats, l’habitatge disposa de tancaments exteriors de PVC, paviment de gres i un sistema de calefacció eficient mitjançant estufa de pèl·let, complementada amb radiadors elèctrics.</p>
<p class="isSelectedEnd">🪑 Es ven moblat, llest per entrar-hi a viure o com a excel·lent oportunitat d’inversió.</p>
<p>🌟 Una propietat amb gran potencial, ideal per a aquells que valoren la tranquil·litat, la funcionalitat i la possibilitat d’adaptar els espais a les seves necessitats.</p>

<!-- This site is optimized with the Yoast SEO plugin v27.4 - https://yoast.com/product/yoast-seo-wordpress/ -->
<title>PIS EN VENDA A RIPOLL ZONA CTRA. DE RIBES -</title>
<meta name="robots" content="index, follow, max-snippet:-1, max-image-preview:large, max-video-preview:-1" />
<link rel="canonical" href="https://ferlamripoll.com/ca/immobles/pis-en-venda-a-ripoll-zona-ctra-de-ribes/" />
<meta property="og:locale" content="ca_ES" />
<meta property="og:type" content="article" />
<meta property="og:title" content="PIS EN VENDA A RIPOLL ZONA CTRA. DE RIBES -" />
<meta property="og:description" content="🏡 Descobreixi aquest acollidor i funcional pis situat a la tranquil·la zona de la Ctra. de Ribes de Freser, a Ripoll, una ubicació ideal per a aquells que busquen comoditat i serenitat sense renunciar als serveis de l’entorn. ✨ L’habitatge, de dimensions contingudes però molt ben aprofitades, destaca per la seva distribució versàtil i lluminosa. [&hellip;]" />
<meta property="og:url" content="https://ferlamripoll.com/ca/immobles/pis-en-venda-a-ripoll-zona-ctra-de-ribes/" />
<meta property="og:site_name" content="Ferlam - Servicios inmobiliarios" />
<meta property="article:publisher" content="https://www.facebook.com/people/Ferlam/100048870507316/" />
<meta name="twitter:card" content="summary_large_image" />
<meta name="twitter:label1" content="Temps estimat de lectura" />
	<meta name="twitter:data1" content="1 minut" />
<script type="application/ld+json" class="yoast-schema-graph">{"@context":"https:\/\/schema.org","@graph":[{"@type":"WebPage","@id":"https:\/\/ferlamripoll.com\/ca\/immobles\/pis-en-venda-a-ripoll-zona-ctra-de-ribes\/","url":"https:\/\/ferlamripoll.com\/ca\/immobles\/pis-en-venda-a-ripoll-zona-ctra-de-ribes\/","name":"PIS EN VENDA A RIPOLL ZONA CTRA. DE RIBES -","isPartOf":{"@id":"https:\/\/ferlamripoll.com\/ca\/#website"},"datePublished":"2026-04-21T16:29:36+00:00","breadcrumb":{"@id":"https:\/\/ferlamripoll.com\/ca\/immobles\/pis-en-venda-a-ripoll-zona-ctra-de-ribes\/#breadcrumb"},"inLanguage":"ca","potentialAction":[{"@type":"ReadAction","target":["https:\/\/ferlamripoll.com\/ca\/immobles\/pis-en-venda-a-ripoll-zona-ctra-de-ribes\/"]}]},{"@type":"BreadcrumbList","@id":"https:\/\/ferlamripoll.com\/ca\/immobles\/pis-en-venda-a-ripoll-zona-ctra-de-ribes\/#breadcrumb","itemListElement":[{"@type":"ListItem","position":1,"name":"Portada","item":"https:\/\/ferlamripoll.com\/ca\/inici\/"},{"@type":"ListItem","position":2,"name":"Inmuebles","item":"https:\/\/ferlamripoll.com\/ca\/immobles\/"},{"@type":"ListItem","position":3,"name":"PIS EN VENDA A RIPOLL ZONA CTRA. DE RIBES"}]},{"@type":"WebSite","@id":"https:\/\/ferlamripoll.com\/ca\/#website","url":"https:\/\/ferlamripoll.com\/ca\/","name":"Ferlam - Servicios inmobiliarios","description":"","publisher":{"@id":"https:\/\/ferlamripoll.com\/ca\/#organization"},"potentialAction":[{"@type":"SearchAction","target":{"@type":"EntryPoint","urlTemplate":"https:\/\/ferlamripoll.com\/ca\/?s={search_term_string}"},"query-input":{"@type":"PropertyValueSpecification","valueRequired":true,"valueName":"search_term_string"}}],"inLanguage":"ca"},{"@type":"Organization","@id":"https:\/\/ferlamripoll.com\/ca\/#organization","name":"Ferlam - Servicios inmobiliarios","url":"https:\/\/ferlamripoll.com\/ca\/","logo":{"@type":"ImageObject","inLanguage":"ca","@id":"https:\/\/ferlamripoll.com\/ca\/#\/schema\/logo\/image\/","url":"https:\/\/ferlamripoll.com\/wp-content\/uploads\/2024\/09\/logo-ferlam-1.webp","contentUrl":"https:\/\/ferlamripoll.com\/wp-content\/uploads\/2024\/09\/logo-ferlam-1.webp","width":350,"height":96,"caption":"Ferlam - Servicios inmobiliarios"},"image":{"@id":"https:\/\/ferlamripoll.com\/ca\/#\/schema\/logo\/image\/"},"sameAs":["https:\/\/www.facebook.com\/people\/Ferlam\/100048870507316\/","https:\/\/www.instagram.com\/ferlam.immobiliaria\/"]}]}</script>
<!-- / Yoast SEO plugin. -->

🏡 Descobreixi aquest acollidor i funcional pis situat a la tranquil·la zona de la Ctra. de Ribes de Freser, a Ripoll, una ubicació ideal per a aquells que busquen comoditat i serenitat sense renunciar als serveis de l’entorn. ✨ L’habitatge, de dimensions contingudes però molt ben aprofitades, destaca per la seva distribució versàtil i lluminosa. [&hellip;]
