{"id":7088,"date":"2026-03-11T12:29:23","date_gmt":"2026-03-11T11:29:23","guid":{"rendered":"https:\/\/ferlamripoll.com\/inmuebles\/local-de-lloguer-a-campdevanol\/"},"modified":"2026-03-25T10:44:49","modified_gmt":"2026-03-25T09:44:49","slug":"local-de-lloguer-a-campdevanol","status":"publish","type":"inmuebles","link":"https:\/\/ferlamripoll.com\/ca\/immobles\/local-de-lloguer-a-campdevanol\/","title":{"rendered":"LOCAL DE LLOGUER A CAMPDEV\u00c0NOL"},"content":{"rendered":"<p><strong>Local polivalent en lloguer al centre de Campdev\u00e0nol<\/strong><\/p>\n<p class=\"isSelectedEnd\">S\u2019ofereix en lloguer un local reformat d\u2019aproximadament 67 m\u00b2, situat al carrer Major, en ple nucli comercial de Campdev\u00e0nol (17530). Una ubicaci\u00f3 estrat\u00e8gica dins del centre del poble, ideal per a qui busca visibilitat, comoditat i un entorn agradable<\/p>\n<p class=\"isSelectedEnd\">L\u2019espai destaca per la seva gran versatilitat, ja que es pot adaptar f\u00e0cilment a diferents usos. \u00c9s perfecte tant com a garatge amb capacitat per a dos vehicles combinat amb zona comercial, com per a dos cotxes i un espai d\u2019oficina o despatx professional.<\/p>\n<p class=\"isSelectedEnd\">El local disposa d\u2019instal\u00b7laci\u00f3 el\u00e8ctrica, subministrament d\u2019aigua i finestres amb doble vidre, cosa que aporta m\u00e9s confort t\u00e8rmic i ac\u00fastic. A m\u00e9s, ha estat reformat, oferint un espai funcional llest per comen\u00e7ar a utilitzar.<\/p>\n<p class=\"isSelectedEnd\">Ubicat al cor de Campdev\u00e0nol, un poble envoltat d\u2019un entorn natural privilegiat, combina la tranquil\u00b7litat de la natura amb l\u2019activitat del centre comercial del municipi.<\/p>\n<p class=\"isSelectedEnd\">Superf\u00edcie aproximada: 67 m\u00b2<br \/>\nPreu del lloguer: 390 \u20ac al mes<\/p>\n<p>Una excel\u00b7lent oportunitat per a emprenedors, professionals o particulars que necessitin un espai pr\u00e0ctic, ben ubicat i adaptable a m\u00faltiples necessitats.<\/p>\n","protected":false},"author":3,"menu_order":0,"template":"","meta":[],"zonas":[52],"poblaciones":[57],"tipos-de-inmuebles":[67],"gestion":[7],"class_list":["post-7088","inmuebles","type-inmuebles","status-publish","hentry","zonas-centro-ca","poblaciones-campdevanol-ca","tipos-de-inmuebles-locals","gestion-lloguer"],"yoast_head":"<!-- This site is optimized with the Yoast SEO plugin v27.4 - https:\/\/yoast.com\/product\/yoast-seo-wordpress\/ -->\n<title>LOCAL DE LLOGUER A CAMPDEV\u00c0NOL -<\/title>\n<meta name=\"robots\" content=\"index, follow, max-snippet:-1, max-image-preview:large, max-video-preview:-1\" \/>\n<link rel=\"canonical\" href=\"https:\/\/ferlamripoll.com\/ca\/immobles\/local-de-lloguer-a-campdevanol\/\" \/>\n<meta property=\"og:locale\" content=\"ca_ES\" \/>\n<meta property=\"og:type\" content=\"article\" \/>\n<meta property=\"og:title\" content=\"LOCAL DE LLOGUER A CAMPDEV\u00c0NOL -\" \/>\n<meta property=\"og:description\" content=\"Local polivalent en lloguer al centre de Campdev\u00e0nol S\u2019ofereix en lloguer un local reformat d\u2019aproximadament 67 m\u00b2, situat al carrer Major, en ple nucli comercial de Campdev\u00e0nol (17530). Una ubicaci\u00f3 estrat\u00e8gica dins del centre del poble, ideal per a qui busca visibilitat, comoditat i un entorn agradable L\u2019espai destaca per la seva gran versatilitat, ja [&hellip;]\" \/>\n<meta property=\"og:url\" content=\"https:\/\/ferlamripoll.com\/ca\/immobles\/local-de-lloguer-a-campdevanol\/\" \/>\n<meta property=\"og:site_name\" content=\"Ferlam - Servicios inmobiliarios\" \/>\n<meta property=\"article:publisher\" content=\"https:\/\/www.facebook.com\/people\/Ferlam\/100048870507316\/\" \/>\n<meta property=\"article:modified_time\" content=\"2026-03-25T09:44:49+00:00\" \/>\n<meta name=\"twitter:card\" content=\"summary_large_image\" \/>\n<meta name=\"twitter:label1\" content=\"Temps estimat de lectura\" \/>\n\t<meta name=\"twitter:data1\" content=\"2 minuts\" \/>\n<script type=\"application\/ld+json\" class=\"yoast-schema-graph\">{\"@context\":\"https:\\\/\\\/schema.org\",\"@graph\":[{\"@type\":\"WebPage\",\"@id\":\"https:\\\/\\\/ferlamripoll.com\\\/ca\\\/immobles\\\/local-de-lloguer-a-campdevanol\\\/\",\"url\":\"https:\\\/\\\/ferlamripoll.com\\\/ca\\\/immobles\\\/local-de-lloguer-a-campdevanol\\\/\",\"name\":\"LOCAL DE LLOGUER A CAMPDEV\u00c0NOL -\",\"isPartOf\":{\"@id\":\"https:\\\/\\\/ferlamripoll.com\\\/ca\\\/#website\"},\"datePublished\":\"2026-03-11T11:29:23+00:00\",\"dateModified\":\"2026-03-25T09:44:49+00:00\",\"breadcrumb\":{\"@id\":\"https:\\\/\\\/ferlamripoll.com\\\/ca\\\/immobles\\\/local-de-lloguer-a-campdevanol\\\/#breadcrumb\"},\"inLanguage\":\"ca\",\"potentialAction\":[{\"@type\":\"ReadAction\",\"target\":[\"https:\\\/\\\/ferlamripoll.com\\\/ca\\\/immobles\\\/local-de-lloguer-a-campdevanol\\\/\"]}]},{\"@type\":\"BreadcrumbList\",\"@id\":\"https:\\\/\\\/ferlamripoll.com\\\/ca\\\/immobles\\\/local-de-lloguer-a-campdevanol\\\/#breadcrumb\",\"itemListElement\":[{\"@type\":\"ListItem\",\"position\":1,\"name\":\"Portada\",\"item\":\"https:\\\/\\\/ferlamripoll.com\\\/ca\\\/inici\\\/\"},{\"@type\":\"ListItem\",\"position\":2,\"name\":\"Inmuebles\",\"item\":\"https:\\\/\\\/ferlamripoll.com\\\/ca\\\/immobles\\\/\"},{\"@type\":\"ListItem\",\"position\":3,\"name\":\"LOCAL DE LLOGUER A CAMPDEV\u00c0NOL\"}]},{\"@type\":\"WebSite\",\"@id\":\"https:\\\/\\\/ferlamripoll.com\\\/ca\\\/#website\",\"url\":\"https:\\\/\\\/ferlamripoll.com\\\/ca\\\/\",\"name\":\"Ferlam - Servicios inmobiliarios\",\"description\":\"\",\"publisher\":{\"@id\":\"https:\\\/\\\/ferlamripoll.com\\\/ca\\\/#organization\"},\"potentialAction\":[{\"@type\":\"SearchAction\",\"target\":{\"@type\":\"EntryPoint\",\"urlTemplate\":\"https:\\\/\\\/ferlamripoll.com\\\/ca\\\/?s={search_term_string}\"},\"query-input\":{\"@type\":\"PropertyValueSpecification\",\"valueRequired\":true,\"valueName\":\"search_term_string\"}}],\"inLanguage\":\"ca\"},{\"@type\":\"Organization\",\"@id\":\"https:\\\/\\\/ferlamripoll.com\\\/ca\\\/#organization\",\"name\":\"Ferlam - Servicios inmobiliarios\",\"url\":\"https:\\\/\\\/ferlamripoll.com\\\/ca\\\/\",\"logo\":{\"@type\":\"ImageObject\",\"inLanguage\":\"ca\",\"@id\":\"https:\\\/\\\/ferlamripoll.com\\\/ca\\\/#\\\/schema\\\/logo\\\/image\\\/\",\"url\":\"https:\\\/\\\/ferlamripoll.com\\\/wp-content\\\/uploads\\\/2024\\\/09\\\/logo-ferlam-1.webp\",\"contentUrl\":\"https:\\\/\\\/ferlamripoll.com\\\/wp-content\\\/uploads\\\/2024\\\/09\\\/logo-ferlam-1.webp\",\"width\":350,\"height\":96,\"caption\":\"Ferlam - Servicios inmobiliarios\"},\"image\":{\"@id\":\"https:\\\/\\\/ferlamripoll.com\\\/ca\\\/#\\\/schema\\\/logo\\\/image\\\/\"},\"sameAs\":[\"https:\\\/\\\/www.facebook.com\\\/people\\\/Ferlam\\\/100048870507316\\\/\",\"https:\\\/\\\/www.instagram.com\\\/ferlam.immobiliaria\\\/\"]}]}<\/script>\n<!-- \/ Yoast SEO plugin. -->","yoast_head_json":{"title":"LOCAL DE LLOGUER A CAMPDEV\u00c0NOL -","robots":{"index":"index","follow":"follow","max-snippet":"max-snippet:-1","max-image-preview":"max-image-preview:large","max-video-preview":"max-video-preview:-1"},"canonical":"https:\/\/ferlamripoll.com\/ca\/immobles\/local-de-lloguer-a-campdevanol\/","og_locale":"ca_ES","og_type":"article","og_title":"LOCAL DE LLOGUER A CAMPDEV\u00c0NOL -","og_description":"Local polivalent en lloguer al centre de Campdev\u00e0nol S\u2019ofereix en lloguer un local reformat d\u2019aproximadament 67 m\u00b2, situat al carrer Major, en ple nucli comercial de Campdev\u00e0nol (17530). Una ubicaci\u00f3 estrat\u00e8gica dins del centre del poble, ideal per a qui busca visibilitat, comoditat i un entorn agradable L\u2019espai destaca per la seva gran versatilitat, ja [&hellip;]","og_url":"https:\/\/ferlamripoll.com\/ca\/immobles\/local-de-lloguer-a-campdevanol\/","og_site_name":"Ferlam - Servicios inmobiliarios","article_publisher":"https:\/\/www.facebook.com\/people\/Ferlam\/100048870507316\/","article_modified_time":"2026-03-25T09:44:49+00:00","twitter_card":"summary_large_image","twitter_misc":{"Temps estimat de lectura":"2 minuts"},"schema":{"@context":"https:\/\/schema.org","@graph":[{"@type":"WebPage","@id":"https:\/\/ferlamripoll.com\/ca\/immobles\/local-de-lloguer-a-campdevanol\/","url":"https:\/\/ferlamripoll.com\/ca\/immobles\/local-de-lloguer-a-campdevanol\/","name":"LOCAL DE LLOGUER A CAMPDEV\u00c0NOL -","isPartOf":{"@id":"https:\/\/ferlamripoll.com\/ca\/#website"},"datePublished":"2026-03-11T11:29:23+00:00","dateModified":"2026-03-25T09:44:49+00:00","breadcrumb":{"@id":"https:\/\/ferlamripoll.com\/ca\/immobles\/local-de-lloguer-a-campdevanol\/#breadcrumb"},"inLanguage":"ca","potentialAction":[{"@type":"ReadAction","target":["https:\/\/ferlamripoll.com\/ca\/immobles\/local-de-lloguer-a-campdevanol\/"]}]},{"@type":"BreadcrumbList","@id":"https:\/\/ferlamripoll.com\/ca\/immobles\/local-de-lloguer-a-campdevanol\/#breadcrumb","itemListElement":[{"@type":"ListItem","position":1,"name":"Portada","item":"https:\/\/ferlamripoll.com\/ca\/inici\/"},{"@type":"ListItem","position":2,"name":"Inmuebles","item":"https:\/\/ferlamripoll.com\/ca\/immobles\/"},{"@type":"ListItem","position":3,"name":"LOCAL DE LLOGUER A CAMPDEV\u00c0NOL"}]},{"@type":"WebSite","@id":"https:\/\/ferlamripoll.com\/ca\/#website","url":"https:\/\/ferlamripoll.com\/ca\/","name":"Ferlam - Servicios inmobiliarios","description":"","publisher":{"@id":"https:\/\/ferlamripoll.com\/ca\/#organization"},"potentialAction":[{"@type":"SearchAction","target":{"@type":"EntryPoint","urlTemplate":"https:\/\/ferlamripoll.com\/ca\/?s={search_term_string}"},"query-input":{"@type":"PropertyValueSpecification","valueRequired":true,"valueName":"search_term_string"}}],"inLanguage":"ca"},{"@type":"Organization","@id":"https:\/\/ferlamripoll.com\/ca\/#organization","name":"Ferlam - Servicios inmobiliarios","url":"https:\/\/ferlamripoll.com\/ca\/","logo":{"@type":"ImageObject","inLanguage":"ca","@id":"https:\/\/ferlamripoll.com\/ca\/#\/schema\/logo\/image\/","url":"https:\/\/ferlamripoll.com\/wp-content\/uploads\/2024\/09\/logo-ferlam-1.webp","contentUrl":"https:\/\/ferlamripoll.com\/wp-content\/uploads\/2024\/09\/logo-ferlam-1.webp","width":350,"height":96,"caption":"Ferlam - Servicios inmobiliarios"},"image":{"@id":"https:\/\/ferlamripoll.com\/ca\/#\/schema\/logo\/image\/"},"sameAs":["https:\/\/www.facebook.com\/people\/Ferlam\/100048870507316\/","https:\/\/www.instagram.com\/ferlam.immobiliaria\/"]}]}},"_links":{"self":[{"href":"https:\/\/ferlamripoll.com\/ca\/wp-json\/wp\/v2\/inmuebles\/7088","targetHints":{"allow":["GET"]}}],"collection":[{"href":"https:\/\/ferlamripoll.com\/ca\/wp-json\/wp\/v2\/inmuebles"}],"about":[{"href":"https:\/\/ferlamripoll.com\/ca\/wp-json\/wp\/v2\/types\/inmuebles"}],"author":[{"embeddable":true,"href":"https:\/\/ferlamripoll.com\/ca\/wp-json\/wp\/v2\/users\/3"}],"wp:attachment":[{"href":"https:\/\/ferlamripoll.com\/ca\/wp-json\/wp\/v2\/media?parent=7088"}],"wp:term":[{"taxonomy":"zonas","embeddable":true,"href":"https:\/\/ferlamripoll.com\/ca\/wp-json\/wp\/v2\/zonas?post=7088"},{"taxonomy":"poblaciones","embeddable":true,"href":"https:\/\/ferlamripoll.com\/ca\/wp-json\/wp\/v2\/poblaciones?post=7088"},{"taxonomy":"tipos-de-inmuebles","embeddable":true,"href":"https:\/\/ferlamripoll.com\/ca\/wp-json\/wp\/v2\/tipos-de-inmuebles?post=7088"},{"taxonomy":"gestion","embeddable":true,"href":"https:\/\/ferlamripoll.com\/ca\/wp-json\/wp\/v2\/gestion?post=7088"}],"curies":[{"name":"wp","href":"https:\/\/api.w.org\/{rel}","templated":true}]}}

LOCAL DE LLOGUER A CAMPDEVÀNOL

<p><strong>Local polivalent en lloguer al centre de Campdevànol</strong></p>
<p class="isSelectedEnd">S’ofereix en lloguer un local reformat d’aproximadament 67 m², situat al carrer Major, en ple nucli comercial de Campdevànol (17530). Una ubicació estratègica dins del centre del poble, ideal per a qui busca visibilitat, comoditat i un entorn agradable</p>
<p class="isSelectedEnd">L’espai destaca per la seva gran versatilitat, ja que es pot adaptar fàcilment a diferents usos. És perfecte tant com a garatge amb capacitat per a dos vehicles combinat amb zona comercial, com per a dos cotxes i un espai d’oficina o despatx professional.</p>
<p class="isSelectedEnd">El local disposa d’instal·lació elèctrica, subministrament d’aigua i finestres amb doble vidre, cosa que aporta més confort tèrmic i acústic. A més, ha estat reformat, oferint un espai funcional llest per començar a utilitzar.</p>
<p class="isSelectedEnd">Ubicat al cor de Campdevànol, un poble envoltat d’un entorn natural privilegiat, combina la tranquil·litat de la natura amb l’activitat del centre comercial del municipi.</p>
<p class="isSelectedEnd">Superfície aproximada: 67 m²<br />
Preu del lloguer: 390 € al mes</p>
<p>Una excel·lent oportunitat per a emprenedors, professionals o particulars que necessitin un espai pràctic, ben ubicat i adaptable a múltiples necessitats.</p>

<!-- This site is optimized with the Yoast SEO plugin v27.4 - https://yoast.com/product/yoast-seo-wordpress/ -->
<title>LOCAL DE LLOGUER A CAMPDEVÀNOL -</title>
<meta name="robots" content="index, follow, max-snippet:-1, max-image-preview:large, max-video-preview:-1" />
<link rel="canonical" href="https://ferlamripoll.com/ca/immobles/local-de-lloguer-a-campdevanol/" />
<meta property="og:locale" content="ca_ES" />
<meta property="og:type" content="article" />
<meta property="og:title" content="LOCAL DE LLOGUER A CAMPDEVÀNOL -" />
<meta property="og:description" content="Local polivalent en lloguer al centre de Campdevànol S’ofereix en lloguer un local reformat d’aproximadament 67 m², situat al carrer Major, en ple nucli comercial de Campdevànol (17530). Una ubicació estratègica dins del centre del poble, ideal per a qui busca visibilitat, comoditat i un entorn agradable L’espai destaca per la seva gran versatilitat, ja [&hellip;]" />
<meta property="og:url" content="https://ferlamripoll.com/ca/immobles/local-de-lloguer-a-campdevanol/" />
<meta property="og:site_name" content="Ferlam - Servicios inmobiliarios" />
<meta property="article:publisher" content="https://www.facebook.com/people/Ferlam/100048870507316/" />
<meta property="article:modified_time" content="2026-03-25T09:44:49+00:00" />
<meta name="twitter:card" content="summary_large_image" />
<meta name="twitter:label1" content="Temps estimat de lectura" />
	<meta name="twitter:data1" content="2 minuts" />
<script type="application/ld+json" class="yoast-schema-graph">{"@context":"https:\/\/schema.org","@graph":[{"@type":"WebPage","@id":"https:\/\/ferlamripoll.com\/ca\/immobles\/local-de-lloguer-a-campdevanol\/","url":"https:\/\/ferlamripoll.com\/ca\/immobles\/local-de-lloguer-a-campdevanol\/","name":"LOCAL DE LLOGUER A CAMPDEVÀNOL -","isPartOf":{"@id":"https:\/\/ferlamripoll.com\/ca\/#website"},"datePublished":"2026-03-11T11:29:23+00:00","dateModified":"2026-03-25T09:44:49+00:00","breadcrumb":{"@id":"https:\/\/ferlamripoll.com\/ca\/immobles\/local-de-lloguer-a-campdevanol\/#breadcrumb"},"inLanguage":"ca","potentialAction":[{"@type":"ReadAction","target":["https:\/\/ferlamripoll.com\/ca\/immobles\/local-de-lloguer-a-campdevanol\/"]}]},{"@type":"BreadcrumbList","@id":"https:\/\/ferlamripoll.com\/ca\/immobles\/local-de-lloguer-a-campdevanol\/#breadcrumb","itemListElement":[{"@type":"ListItem","position":1,"name":"Portada","item":"https:\/\/ferlamripoll.com\/ca\/inici\/"},{"@type":"ListItem","position":2,"name":"Inmuebles","item":"https:\/\/ferlamripoll.com\/ca\/immobles\/"},{"@type":"ListItem","position":3,"name":"LOCAL DE LLOGUER A CAMPDEVÀNOL"}]},{"@type":"WebSite","@id":"https:\/\/ferlamripoll.com\/ca\/#website","url":"https:\/\/ferlamripoll.com\/ca\/","name":"Ferlam - Servicios inmobiliarios","description":"","publisher":{"@id":"https:\/\/ferlamripoll.com\/ca\/#organization"},"potentialAction":[{"@type":"SearchAction","target":{"@type":"EntryPoint","urlTemplate":"https:\/\/ferlamripoll.com\/ca\/?s={search_term_string}"},"query-input":{"@type":"PropertyValueSpecification","valueRequired":true,"valueName":"search_term_string"}}],"inLanguage":"ca"},{"@type":"Organization","@id":"https:\/\/ferlamripoll.com\/ca\/#organization","name":"Ferlam - Servicios inmobiliarios","url":"https:\/\/ferlamripoll.com\/ca\/","logo":{"@type":"ImageObject","inLanguage":"ca","@id":"https:\/\/ferlamripoll.com\/ca\/#\/schema\/logo\/image\/","url":"https:\/\/ferlamripoll.com\/wp-content\/uploads\/2024\/09\/logo-ferlam-1.webp","contentUrl":"https:\/\/ferlamripoll.com\/wp-content\/uploads\/2024\/09\/logo-ferlam-1.webp","width":350,"height":96,"caption":"Ferlam - Servicios inmobiliarios"},"image":{"@id":"https:\/\/ferlamripoll.com\/ca\/#\/schema\/logo\/image\/"},"sameAs":["https:\/\/www.facebook.com\/people\/Ferlam\/100048870507316\/","https:\/\/www.instagram.com\/ferlam.immobiliaria\/"]}]}</script>
<!-- / Yoast SEO plugin. -->

LOCAL DE LLOGUER A CAMPDEVÀNOL -

Local polivalent en lloguer al centre de Campdevànol S’ofereix en lloguer un local reformat d’aproximadament 67 m², situat al carrer Major, en ple nucli comercial de Campdevànol (17530). Una ubicació estratègica dins del centre del poble, ideal per a qui busca visibilitat, comoditat i un entorn agradable L’espai destaca per la seva gran versatilitat, ja [&hellip;]
