{"id":6133,"date":"2025-10-09T18:10:50","date_gmt":"2025-10-09T16:10:50","guid":{"rendered":"https:\/\/ferlamripoll.com\/inmuebles\/duplex-en-venda-a-ripoll-zona-centre\/"},"modified":"2026-03-09T12:39:02","modified_gmt":"2026-03-09T11:39:02","slug":"duplex-en-venda-a-ripoll-zona-centre","status":"publish","type":"inmuebles","link":"https:\/\/ferlamripoll.com\/ca\/immobles\/duplex-en-venda-a-ripoll-zona-centre\/","title":{"rendered":"DUPLEX EN VENDA A RIPOLL- ZONA CENTRE"},"content":{"rendered":"<p data-start=\"246\" data-end=\"305\">\ud83c\udfe0 D\u00faplex acollidor i modern, llest per entrar a viure<\/p>\n<p data-start=\"307\" data-end=\"563\">Es presenta aquest encantador d\u00faplex distribu\u00eft en dues plantes, ideal per als que busquen comoditat, funcionalitat i un ambient c\u00e0lid. La propietat combina materials de qualitat amb una distribuci\u00f3 intel\u00b7ligent que aprofita al m\u00e0xim cada metre quadrat.<\/p>\n<p data-start=\"565\" data-end=\"616\">\ud83c\udf7d\ufe0f <strong data-start=\"569\" data-end=\"616\">Primera planta funcional i ben distribu\u00efda<\/strong><\/p>\n<p data-start=\"618\" data-end=\"852\">La planta baixa disposa d\u00b4una cuina-menjador de concepte obert, perfecta per al dia a dia i moments en fam\u00edlia. Tamb\u00e9 compta amb una habitaci\u00f3 espaiosa i un bany complet de tres peces, equipat amb dutxa i cortina.<\/p>\n<p data-start=\"854\" data-end=\"896\">\ud83d\udecb\ufe0f <strong data-start=\"858\" data-end=\"896\">Segona planta lluminosa i vers\u00e0til<\/strong><\/p>\n<p data-start=\"898\" data-end=\"1113\">A la planta superior hi trobem un ampli sal\u00f3 ideal per al descans o el lleure, una segona habitaci\u00f3 i un altre bany complet amb les mateixes caracter\u00edstiques: dutxa, cortina i un disseny pr\u00e0ctic i c\u00f2mode.<\/p>\n<p data-start=\"1115\" data-end=\"1141\">\ud83e\ude9f <strong data-start=\"1118\" data-end=\"1141\">Qualitat i confort<\/strong><\/p>\n<p data-start=\"1143\" data-end=\"1464\">La fusteria exterior \u00e9s de PVC, amb persianes del mateix material i doble vidre, cosa que garanteix un excel\u00b7lent a\u00efllament t\u00e8rmic i ac\u00fastic. Els paviments combinen parquet i gres, i tot l&#8217;immoble compta amb terra radiant, proporcionant una climatitzaci\u00f3 eficient i confortable a totes les estances.<\/p>\n<p data-start=\"1466\" data-end=\"1514\">\ud83d\udccd <strong data-start=\"1469\" data-end=\"1514\">Una oportunitat que no pots deixar passar<\/strong><\/p>\n<p data-start=\"1516\" data-end=\"1692\">Aquest d\u00faplex \u00e9s perfecte tant per a fam\u00edlies com per a parelles que busquen una llar amb estil i prestacions modernes. Contacteu per a m\u00e9s informaci\u00f3 o per concertar una visita.<\/p>\n","protected":false},"author":3,"menu_order":0,"template":"","meta":[],"zonas":[52],"poblaciones":[62],"tipos-de-inmuebles":[65],"gestion":[51],"class_list":["post-6133","inmuebles","type-inmuebles","status-publish","hentry","zonas-centro-ca","poblaciones-ripoll-ca","tipos-de-inmuebles-duplex-ca","gestion-venda"],"yoast_head":"<!-- This site is optimized with the Yoast SEO plugin v27.4 - https:\/\/yoast.com\/product\/yoast-seo-wordpress\/ -->\n<title>DUPLEX EN VENDA A RIPOLL- ZONA CENTRE -<\/title>\n<meta name=\"robots\" content=\"index, follow, max-snippet:-1, max-image-preview:large, max-video-preview:-1\" \/>\n<link rel=\"canonical\" href=\"https:\/\/ferlamripoll.com\/ca\/immobles\/duplex-en-venda-a-ripoll-zona-centre\/\" \/>\n<meta property=\"og:locale\" content=\"ca_ES\" \/>\n<meta property=\"og:type\" content=\"article\" \/>\n<meta property=\"og:title\" content=\"DUPLEX EN VENDA A RIPOLL- ZONA CENTRE -\" \/>\n<meta property=\"og:description\" content=\"\ud83c\udfe0 D\u00faplex acollidor i modern, llest per entrar a viure Es presenta aquest encantador d\u00faplex distribu\u00eft en dues plantes, ideal per als que busquen comoditat, funcionalitat i un ambient c\u00e0lid. La propietat combina materials de qualitat amb una distribuci\u00f3 intel\u00b7ligent que aprofita al m\u00e0xim cada metre quadrat. \ud83c\udf7d\ufe0f Primera planta funcional i ben distribu\u00efda La [&hellip;]\" \/>\n<meta property=\"og:url\" content=\"https:\/\/ferlamripoll.com\/ca\/immobles\/duplex-en-venda-a-ripoll-zona-centre\/\" \/>\n<meta property=\"og:site_name\" content=\"Ferlam - Servicios inmobiliarios\" \/>\n<meta property=\"article:publisher\" content=\"https:\/\/www.facebook.com\/people\/Ferlam\/100048870507316\/\" \/>\n<meta property=\"article:modified_time\" content=\"2026-03-09T11:39:02+00:00\" \/>\n<meta name=\"twitter:card\" content=\"summary_large_image\" \/>\n<meta name=\"twitter:label1\" content=\"Temps estimat de lectura\" \/>\n\t<meta name=\"twitter:data1\" content=\"6 minuts\" \/>\n<script type=\"application\/ld+json\" class=\"yoast-schema-graph\">{\"@context\":\"https:\\\/\\\/schema.org\",\"@graph\":[{\"@type\":\"WebPage\",\"@id\":\"https:\\\/\\\/ferlamripoll.com\\\/ca\\\/immobles\\\/duplex-en-venda-a-ripoll-zona-centre\\\/\",\"url\":\"https:\\\/\\\/ferlamripoll.com\\\/ca\\\/immobles\\\/duplex-en-venda-a-ripoll-zona-centre\\\/\",\"name\":\"DUPLEX EN VENDA A RIPOLL- ZONA CENTRE -\",\"isPartOf\":{\"@id\":\"https:\\\/\\\/ferlamripoll.com\\\/ca\\\/#website\"},\"datePublished\":\"2025-10-09T16:10:50+00:00\",\"dateModified\":\"2026-03-09T11:39:02+00:00\",\"breadcrumb\":{\"@id\":\"https:\\\/\\\/ferlamripoll.com\\\/ca\\\/immobles\\\/duplex-en-venda-a-ripoll-zona-centre\\\/#breadcrumb\"},\"inLanguage\":\"ca\",\"potentialAction\":[{\"@type\":\"ReadAction\",\"target\":[\"https:\\\/\\\/ferlamripoll.com\\\/ca\\\/immobles\\\/duplex-en-venda-a-ripoll-zona-centre\\\/\"]}]},{\"@type\":\"BreadcrumbList\",\"@id\":\"https:\\\/\\\/ferlamripoll.com\\\/ca\\\/immobles\\\/duplex-en-venda-a-ripoll-zona-centre\\\/#breadcrumb\",\"itemListElement\":[{\"@type\":\"ListItem\",\"position\":1,\"name\":\"Portada\",\"item\":\"https:\\\/\\\/ferlamripoll.com\\\/ca\\\/inici\\\/\"},{\"@type\":\"ListItem\",\"position\":2,\"name\":\"Inmuebles\",\"item\":\"https:\\\/\\\/ferlamripoll.com\\\/ca\\\/immobles\\\/\"},{\"@type\":\"ListItem\",\"position\":3,\"name\":\"DUPLEX EN VENDA A RIPOLL- ZONA CENTRE\"}]},{\"@type\":\"WebSite\",\"@id\":\"https:\\\/\\\/ferlamripoll.com\\\/ca\\\/#website\",\"url\":\"https:\\\/\\\/ferlamripoll.com\\\/ca\\\/\",\"name\":\"Ferlam - Servicios inmobiliarios\",\"description\":\"\",\"publisher\":{\"@id\":\"https:\\\/\\\/ferlamripoll.com\\\/ca\\\/#organization\"},\"potentialAction\":[{\"@type\":\"SearchAction\",\"target\":{\"@type\":\"EntryPoint\",\"urlTemplate\":\"https:\\\/\\\/ferlamripoll.com\\\/ca\\\/?s={search_term_string}\"},\"query-input\":{\"@type\":\"PropertyValueSpecification\",\"valueRequired\":true,\"valueName\":\"search_term_string\"}}],\"inLanguage\":\"ca\"},{\"@type\":\"Organization\",\"@id\":\"https:\\\/\\\/ferlamripoll.com\\\/ca\\\/#organization\",\"name\":\"Ferlam - Servicios inmobiliarios\",\"url\":\"https:\\\/\\\/ferlamripoll.com\\\/ca\\\/\",\"logo\":{\"@type\":\"ImageObject\",\"inLanguage\":\"ca\",\"@id\":\"https:\\\/\\\/ferlamripoll.com\\\/ca\\\/#\\\/schema\\\/logo\\\/image\\\/\",\"url\":\"https:\\\/\\\/ferlamripoll.com\\\/wp-content\\\/uploads\\\/2024\\\/09\\\/logo-ferlam-1.webp\",\"contentUrl\":\"https:\\\/\\\/ferlamripoll.com\\\/wp-content\\\/uploads\\\/2024\\\/09\\\/logo-ferlam-1.webp\",\"width\":350,\"height\":96,\"caption\":\"Ferlam - Servicios inmobiliarios\"},\"image\":{\"@id\":\"https:\\\/\\\/ferlamripoll.com\\\/ca\\\/#\\\/schema\\\/logo\\\/image\\\/\"},\"sameAs\":[\"https:\\\/\\\/www.facebook.com\\\/people\\\/Ferlam\\\/100048870507316\\\/\",\"https:\\\/\\\/www.instagram.com\\\/ferlam.immobiliaria\\\/\"]}]}<\/script>\n<!-- \/ Yoast SEO plugin. -->","yoast_head_json":{"title":"DUPLEX EN VENDA A RIPOLL- ZONA CENTRE -","robots":{"index":"index","follow":"follow","max-snippet":"max-snippet:-1","max-image-preview":"max-image-preview:large","max-video-preview":"max-video-preview:-1"},"canonical":"https:\/\/ferlamripoll.com\/ca\/immobles\/duplex-en-venda-a-ripoll-zona-centre\/","og_locale":"ca_ES","og_type":"article","og_title":"DUPLEX EN VENDA A RIPOLL- ZONA CENTRE -","og_description":"\ud83c\udfe0 D\u00faplex acollidor i modern, llest per entrar a viure Es presenta aquest encantador d\u00faplex distribu\u00eft en dues plantes, ideal per als que busquen comoditat, funcionalitat i un ambient c\u00e0lid. La propietat combina materials de qualitat amb una distribuci\u00f3 intel\u00b7ligent que aprofita al m\u00e0xim cada metre quadrat. \ud83c\udf7d\ufe0f Primera planta funcional i ben distribu\u00efda La [&hellip;]","og_url":"https:\/\/ferlamripoll.com\/ca\/immobles\/duplex-en-venda-a-ripoll-zona-centre\/","og_site_name":"Ferlam - Servicios inmobiliarios","article_publisher":"https:\/\/www.facebook.com\/people\/Ferlam\/100048870507316\/","article_modified_time":"2026-03-09T11:39:02+00:00","twitter_card":"summary_large_image","twitter_misc":{"Temps estimat de lectura":"6 minuts"},"schema":{"@context":"https:\/\/schema.org","@graph":[{"@type":"WebPage","@id":"https:\/\/ferlamripoll.com\/ca\/immobles\/duplex-en-venda-a-ripoll-zona-centre\/","url":"https:\/\/ferlamripoll.com\/ca\/immobles\/duplex-en-venda-a-ripoll-zona-centre\/","name":"DUPLEX EN VENDA A RIPOLL- ZONA CENTRE -","isPartOf":{"@id":"https:\/\/ferlamripoll.com\/ca\/#website"},"datePublished":"2025-10-09T16:10:50+00:00","dateModified":"2026-03-09T11:39:02+00:00","breadcrumb":{"@id":"https:\/\/ferlamripoll.com\/ca\/immobles\/duplex-en-venda-a-ripoll-zona-centre\/#breadcrumb"},"inLanguage":"ca","potentialAction":[{"@type":"ReadAction","target":["https:\/\/ferlamripoll.com\/ca\/immobles\/duplex-en-venda-a-ripoll-zona-centre\/"]}]},{"@type":"BreadcrumbList","@id":"https:\/\/ferlamripoll.com\/ca\/immobles\/duplex-en-venda-a-ripoll-zona-centre\/#breadcrumb","itemListElement":[{"@type":"ListItem","position":1,"name":"Portada","item":"https:\/\/ferlamripoll.com\/ca\/inici\/"},{"@type":"ListItem","position":2,"name":"Inmuebles","item":"https:\/\/ferlamripoll.com\/ca\/immobles\/"},{"@type":"ListItem","position":3,"name":"DUPLEX EN VENDA A RIPOLL- ZONA CENTRE"}]},{"@type":"WebSite","@id":"https:\/\/ferlamripoll.com\/ca\/#website","url":"https:\/\/ferlamripoll.com\/ca\/","name":"Ferlam - Servicios inmobiliarios","description":"","publisher":{"@id":"https:\/\/ferlamripoll.com\/ca\/#organization"},"potentialAction":[{"@type":"SearchAction","target":{"@type":"EntryPoint","urlTemplate":"https:\/\/ferlamripoll.com\/ca\/?s={search_term_string}"},"query-input":{"@type":"PropertyValueSpecification","valueRequired":true,"valueName":"search_term_string"}}],"inLanguage":"ca"},{"@type":"Organization","@id":"https:\/\/ferlamripoll.com\/ca\/#organization","name":"Ferlam - Servicios inmobiliarios","url":"https:\/\/ferlamripoll.com\/ca\/","logo":{"@type":"ImageObject","inLanguage":"ca","@id":"https:\/\/ferlamripoll.com\/ca\/#\/schema\/logo\/image\/","url":"https:\/\/ferlamripoll.com\/wp-content\/uploads\/2024\/09\/logo-ferlam-1.webp","contentUrl":"https:\/\/ferlamripoll.com\/wp-content\/uploads\/2024\/09\/logo-ferlam-1.webp","width":350,"height":96,"caption":"Ferlam - Servicios inmobiliarios"},"image":{"@id":"https:\/\/ferlamripoll.com\/ca\/#\/schema\/logo\/image\/"},"sameAs":["https:\/\/www.facebook.com\/people\/Ferlam\/100048870507316\/","https:\/\/www.instagram.com\/ferlam.immobiliaria\/"]}]}},"_links":{"self":[{"href":"https:\/\/ferlamripoll.com\/ca\/wp-json\/wp\/v2\/inmuebles\/6133","targetHints":{"allow":["GET"]}}],"collection":[{"href":"https:\/\/ferlamripoll.com\/ca\/wp-json\/wp\/v2\/inmuebles"}],"about":[{"href":"https:\/\/ferlamripoll.com\/ca\/wp-json\/wp\/v2\/types\/inmuebles"}],"author":[{"embeddable":true,"href":"https:\/\/ferlamripoll.com\/ca\/wp-json\/wp\/v2\/users\/3"}],"wp:attachment":[{"href":"https:\/\/ferlamripoll.com\/ca\/wp-json\/wp\/v2\/media?parent=6133"}],"wp:term":[{"taxonomy":"zonas","embeddable":true,"href":"https:\/\/ferlamripoll.com\/ca\/wp-json\/wp\/v2\/zonas?post=6133"},{"taxonomy":"poblaciones","embeddable":true,"href":"https:\/\/ferlamripoll.com\/ca\/wp-json\/wp\/v2\/poblaciones?post=6133"},{"taxonomy":"tipos-de-inmuebles","embeddable":true,"href":"https:\/\/ferlamripoll.com\/ca\/wp-json\/wp\/v2\/tipos-de-inmuebles?post=6133"},{"taxonomy":"gestion","embeddable":true,"href":"https:\/\/ferlamripoll.com\/ca\/wp-json\/wp\/v2\/gestion?post=6133"}],"curies":[{"name":"wp","href":"https:\/\/api.w.org\/{rel}","templated":true}]}}

<p data-start="246" data-end="305">🏠 Dúplex acollidor i modern, llest per entrar a viure</p>
<p data-start="307" data-end="563">Es presenta aquest encantador dúplex distribuït en dues plantes, ideal per als que busquen comoditat, funcionalitat i un ambient càlid. La propietat combina materials de qualitat amb una distribució intel·ligent que aprofita al màxim cada metre quadrat.</p>
<p data-start="565" data-end="616">🍽️ <strong data-start="569" data-end="616">Primera planta funcional i ben distribuïda</strong></p>
<p data-start="618" data-end="852">La planta baixa disposa d´una cuina-menjador de concepte obert, perfecta per al dia a dia i moments en família. També compta amb una habitació espaiosa i un bany complet de tres peces, equipat amb dutxa i cortina.</p>
<p data-start="854" data-end="896">🛋️ <strong data-start="858" data-end="896">Segona planta lluminosa i versàtil</strong></p>
<p data-start="898" data-end="1113">A la planta superior hi trobem un ampli saló ideal per al descans o el lleure, una segona habitació i un altre bany complet amb les mateixes característiques: dutxa, cortina i un disseny pràctic i còmode.</p>
<p data-start="1115" data-end="1141">🪟 <strong data-start="1118" data-end="1141">Qualitat i confort</strong></p>
<p data-start="1143" data-end="1464">La fusteria exterior és de PVC, amb persianes del mateix material i doble vidre, cosa que garanteix un excel·lent aïllament tèrmic i acústic. Els paviments combinen parquet i gres, i tot l&#8217;immoble compta amb terra radiant, proporcionant una climatització eficient i confortable a totes les estances.</p>
<p data-start="1466" data-end="1514">📍 <strong data-start="1469" data-end="1514">Una oportunitat que no pots deixar passar</strong></p>
<p data-start="1516" data-end="1692">Aquest dúplex és perfecte tant per a famílies com per a parelles que busquen una llar amb estil i prestacions modernes. Contacteu per a més informació o per concertar una visita.</p>

<!-- This site is optimized with the Yoast SEO plugin v27.4 - https://yoast.com/product/yoast-seo-wordpress/ -->
<title>DUPLEX EN VENDA A RIPOLL- ZONA CENTRE -</title>
<meta name="robots" content="index, follow, max-snippet:-1, max-image-preview:large, max-video-preview:-1" />
<link rel="canonical" href="https://ferlamripoll.com/ca/immobles/duplex-en-venda-a-ripoll-zona-centre/" />
<meta property="og:locale" content="ca_ES" />
<meta property="og:type" content="article" />
<meta property="og:title" content="DUPLEX EN VENDA A RIPOLL- ZONA CENTRE -" />
<meta property="og:description" content="🏠 Dúplex acollidor i modern, llest per entrar a viure Es presenta aquest encantador dúplex distribuït en dues plantes, ideal per als que busquen comoditat, funcionalitat i un ambient càlid. La propietat combina materials de qualitat amb una distribució intel·ligent que aprofita al màxim cada metre quadrat. 🍽️ Primera planta funcional i ben distribuïda La [&hellip;]" />
<meta property="og:url" content="https://ferlamripoll.com/ca/immobles/duplex-en-venda-a-ripoll-zona-centre/" />
<meta property="og:site_name" content="Ferlam - Servicios inmobiliarios" />
<meta property="article:publisher" content="https://www.facebook.com/people/Ferlam/100048870507316/" />
<meta property="article:modified_time" content="2026-03-09T11:39:02+00:00" />
<meta name="twitter:card" content="summary_large_image" />
<meta name="twitter:label1" content="Temps estimat de lectura" />
	<meta name="twitter:data1" content="6 minuts" />
<script type="application/ld+json" class="yoast-schema-graph">{"@context":"https:\/\/schema.org","@graph":[{"@type":"WebPage","@id":"https:\/\/ferlamripoll.com\/ca\/immobles\/duplex-en-venda-a-ripoll-zona-centre\/","url":"https:\/\/ferlamripoll.com\/ca\/immobles\/duplex-en-venda-a-ripoll-zona-centre\/","name":"DUPLEX EN VENDA A RIPOLL- ZONA CENTRE -","isPartOf":{"@id":"https:\/\/ferlamripoll.com\/ca\/#website"},"datePublished":"2025-10-09T16:10:50+00:00","dateModified":"2026-03-09T11:39:02+00:00","breadcrumb":{"@id":"https:\/\/ferlamripoll.com\/ca\/immobles\/duplex-en-venda-a-ripoll-zona-centre\/#breadcrumb"},"inLanguage":"ca","potentialAction":[{"@type":"ReadAction","target":["https:\/\/ferlamripoll.com\/ca\/immobles\/duplex-en-venda-a-ripoll-zona-centre\/"]}]},{"@type":"BreadcrumbList","@id":"https:\/\/ferlamripoll.com\/ca\/immobles\/duplex-en-venda-a-ripoll-zona-centre\/#breadcrumb","itemListElement":[{"@type":"ListItem","position":1,"name":"Portada","item":"https:\/\/ferlamripoll.com\/ca\/inici\/"},{"@type":"ListItem","position":2,"name":"Inmuebles","item":"https:\/\/ferlamripoll.com\/ca\/immobles\/"},{"@type":"ListItem","position":3,"name":"DUPLEX EN VENDA A RIPOLL- ZONA CENTRE"}]},{"@type":"WebSite","@id":"https:\/\/ferlamripoll.com\/ca\/#website","url":"https:\/\/ferlamripoll.com\/ca\/","name":"Ferlam - Servicios inmobiliarios","description":"","publisher":{"@id":"https:\/\/ferlamripoll.com\/ca\/#organization"},"potentialAction":[{"@type":"SearchAction","target":{"@type":"EntryPoint","urlTemplate":"https:\/\/ferlamripoll.com\/ca\/?s={search_term_string}"},"query-input":{"@type":"PropertyValueSpecification","valueRequired":true,"valueName":"search_term_string"}}],"inLanguage":"ca"},{"@type":"Organization","@id":"https:\/\/ferlamripoll.com\/ca\/#organization","name":"Ferlam - Servicios inmobiliarios","url":"https:\/\/ferlamripoll.com\/ca\/","logo":{"@type":"ImageObject","inLanguage":"ca","@id":"https:\/\/ferlamripoll.com\/ca\/#\/schema\/logo\/image\/","url":"https:\/\/ferlamripoll.com\/wp-content\/uploads\/2024\/09\/logo-ferlam-1.webp","contentUrl":"https:\/\/ferlamripoll.com\/wp-content\/uploads\/2024\/09\/logo-ferlam-1.webp","width":350,"height":96,"caption":"Ferlam - Servicios inmobiliarios"},"image":{"@id":"https:\/\/ferlamripoll.com\/ca\/#\/schema\/logo\/image\/"},"sameAs":["https:\/\/www.facebook.com\/people\/Ferlam\/100048870507316\/","https:\/\/www.instagram.com\/ferlam.immobiliaria\/"]}]}</script>
<!-- / Yoast SEO plugin. -->

🏠 Dúplex acollidor i modern, llest per entrar a viure Es presenta aquest encantador dúplex distribuït en dues plantes, ideal per als que busquen comoditat, funcionalitat i un ambient càlid. La propietat combina materials de qualitat amb una distribució intel·ligent que aprofita al màxim cada metre quadrat. 🍽️ Primera planta funcional i ben distribuïda La [&hellip;]
